 Let s be -3*9*(-6)/18. Let o be u(s). List the prime factors of q(o).
3, 43
Let f(q) = q**2 + 20*q - 11. Let u be f(-20). Let r = u - -343. What are the prime factors of r?
2, 83
Suppose 3*z + 22*j + 7 + 9 = 0, 0 = 4*z + 2*j - 6. Let s be 4/(-3)*6*-1. What are the prime factors of 660/s - z/4?
2, 41
Suppose 0 = -8*c - 16. Let b be -2*(0 - c)/4. What are the prime factors of 372/48 - (b - 3/(-4))?
2
Suppose 0 = -2*h + 2*o + 32138, -60461 = -5*h + 2*o + 19881. List the prime factors of h.
2, 3, 13, 103
Suppose 12*b + 2*b = -168. Let x(h) = 3*h**2 - 7*h - 63. What are the prime factors of x(b)?
3, 151
Let t = 242 - 101. Let l(m) = m**2 - 5*m. Let y be l(4). What are the prime factors of (t - y)/5*(7 + -3)?
2, 29
Suppose 2*c + 3*c = -10, 4*p + 3*c = 2066. List the prime factors of p/28*(-216)/(-1 - 2).
2, 3, 37
Suppose -2*r - 112 = -232. Suppose 11*z + r = 15*z. What are the prime factors of z?
3, 5
Let q(g) = -g**3 - 10*g**2 + 39*g - 5. Let l be q(-13). Let d(u) = 6*u**2 - 16*u - 57. What are the prime factors of d(l)?
173
Suppose -17*s = -15*s + 2*f - 14376, -3*s + 21566 = 2*f. What are the prime factors of s?
2, 5, 719
What are the prime factors of ((-12)/28)/(1/(-30093))?
3, 1433
Let u = 12261 - 5954. List the prime factors of u.
7, 17, 53
List the prime factors of 30*(-64)/(-240) - (-21594 - 2).
2, 11, 491
Let y = 23 - 26. Let l be y/((-21)/4) + (-10)/(-7). Suppose w - 5*w + 370 = -3*p, -5*w + l*p = -459. What are the prime factors of w?
7, 13
Let x(y) = -2*y**3 + 14 - 17*y + 28*y + 23*y**2 + 3*y**2. Let s be x(12). Suppose 5*v = s - 169. List the prime factors of v.
53
Let f be (-230)/(-40) - (1 - -2)/(-12). What are the prime factors of f/(-15) - ((-1932)/(-5))/(-6)?
2
Suppose -117648 = 20*z - 13*z - 19*z. List the prime factors of z.
2, 3, 19, 43
Let t = -4 + 0. Let z be t + -2 + 6 + 3. What are the prime factors of (z + 15)*1 + 1?
19
Let h = 84 + -79. Let r be 19 - (0/h - 4). Suppose 18*o + 1075 = r*o. List the prime factors of o.
5, 43
Suppose -4576*t = -4590*t + 64218. What are the prime factors of t?
3, 11, 139
Let r(x) = -x**3 - 18*x**2 - 18*x - 45. Let o be 8/1*(-99)/44. List the prime factors of r(o).
3, 31
Let c be 0 + (-3 - -6 - (-24)/(-4)). Let w(g) = g + 1. Let x(d) = 14*d + 5. Let n(k) = 2*w(k) - x(k). What are the prime factors of n(c)?
3, 11
Suppose 0 = 4*b - 2*u - 318, -u = -5*b - 3*u + 393. Suppose 0 = -3*q + h + 169, -h = 4*q - 295 + b. List the prime factors of q.
5, 11
Suppose -2*b + 886 = l, -4*l - 5*b + 901 = -3*l. Suppose -l = -5*u - 5*o + 149, 4*u - 821 = -5*o. What are the prime factors of u?
2, 3, 17
Let p = -3486 - -9580. Suppose p = 8*m + 14*m. What are the prime factors of m?
277
Let n = -18480 - -34400. What are the prime factors of n?
2, 5, 199
Let p be (0 - 2/2) + 9. Suppose 0 = 3*t - 3*n + 9, -6*t + 4*n - 18 = -t. What are the prime factors of t/(-2)*(p + -7)?
3
Let o(s) = 205*s + 781. What are the prime factors of o(6)?
2011
Let r be (15/((-45)/24))/(0 - 1). List the prime factors of ((-12)/r)/(6/(-836)).
11, 19
List the prime factors of ((-75243)/(-12))/(259/888).
2, 3, 3583
What are the prime factors of 21 + (-8)/8 + 3936?
2, 23, 43
Let u be 0 + (-2)/(-11) - 3248/(-44). Let s = 77 - u. Suppose 4*x + 0*x - 8 = 0, s*i - 213 = -3*x. What are the prime factors of i?
3, 23
Let q(a) = 2*a**3 + 16*a**2 + 39*a - 9. Let b(d) = -d**3 - 16*d**2 - 38*d + 9. Let n(g) = 3*b(g) + 2*q(g). List the prime factors of n(19).
2, 3, 17
Suppose 2*k - 1816 = -3*v + 6*k, 0 = 4*k + 4. Let n = 275 + -272. Suppose -n*w - 34 = -v. What are the prime factors of w?
2, 5, 19
Suppose 0 = 4*c - d - 18037, -28 + 3 = 5*d. List the prime factors of c.
2, 7, 23
Let c = -403 + 414. Let v be (-13)/(-1 + (-14)/(-16)). Suppose 3*k = c*k - v. What are the prime factors of k?
13
Let w(r) = -60*r + 13. Suppose -3*l - 2*l = 3*z + 26, -5*z + 36 = -3*l. Let k be w(l). Let g = k + -292. What are the prime factors of g?
3, 47
Suppose 0 = -u - 4*m + 59032, 0 = 28*u - 24*u + 2*m - 236030. List the prime factors of u.
2, 3, 11, 149
Let z = 2381 - 2207. Let v(q) = -10*q**2 + q - 4. Let b be v(-3). Let k = b + z. What are the prime factors of k?
7, 11
Let j(u) = -u**3 - 3*u**2 + 27*u + 110. List the prime factors of j(-6).
2, 7
Suppose n - 2*y - 2 = 0, n + 2 = 3*y + 5. Let o be 9*314/6 - n. Suppose -8*a + o = -1305. What are the prime factors of a?
2, 3, 37
Suppose -4*k = -8*k - 8, -4*u = -4*k - 224. Let b(r) = -2*r - 13. Let i be b(-6). Let d = u + i. What are the prime factors of d?
53
Let l(c) = 9 + 6 + 0*c + 5 - 4*c. Let w be l(4). Suppose -150 = 2*f - w*f. List the prime factors of f.
3, 5
Suppose -2*x + 120 = 4*x. Let q be 2/((x/(-15))/(-4)). Suppose 1640 = q*t + 494. List the prime factors of t.
191
Let j = 1007 + -816. Suppose 40 = -a - 64. Let o = j + a. What are the prime factors of o?
3, 29
Suppose 0 = 45*g - 88048 - 12032. List the prime factors of g.
2, 139
Let v(x) = x**3 - 4*x**2 + x - 7. Let d be v(4). Let o(a) = 107*a**2 - 3*a + 2. What are the prime factors of o(d)?
2, 487
Suppose 5*w = 9*w - 28. Let z(m) = 5 - 8*m + m**3 + 3 + w*m**2 + 9*m + 1. List the prime factors of z(-7).
2
What are the prime factors of 24367962/2151*(-6)/(-4)?
16993
Let u = 1157 + -678. Suppose 0*j - 3*b = -5*j + 817, 3*j - u = -b. Let v = j - 41. List the prime factors of v.
2, 3, 5
What are the prime factors of -1 + 47917 - (-31)/(713/(-69))?
3, 15971
Let q = 432 - 411. Let j(z) = 172*z**3 - z**2 + 4*z + 3. Let f be j(-3). List the prime factors of (1/(-3))/(q/f).
2, 37
Let g = 784 + -772. What are the prime factors of (4/g)/((-14)/(-29022))?
691
Suppose -256 = -34*p + 188172. List the prime factors of p.
2, 17, 163
Let c(z) = 3*z**2 + 27*z + 3. Let j be c(-9). Suppose -4*y = 2*x - j*y - 135, -4*x = 4*y - 276. Suppose x = 5*s + 51. List the prime factors of s.
3
Let i be (-1)/(-2)*(219 - -29). Suppose t - 5*y = i, -3*y + 589 = 5*t + 109. What are the prime factors of t?
3, 11
Let l = -204 - -309. Suppose r = -2*f + 7, 3*r = -2*f + f - 4. What are the prime factors of l - 5 - (r - -3)?
2, 5
Let m be -1 - (-8 + -1 - -2). Let z be ((-105)/m)/(1/(-16)). Suppose 4*t = -4*t + z. List the prime factors of t.
5, 7
Let d = -53 - -137. Let h = d + -13. What are the prime factors of h?
71
Let x(s) = s**2 + 2. Let f(n) = -2*n**2 + 5*n + 36. Let r(j) = f(j) + 3*x(j). Let l = -66 + 56. List the prime factors of r(l).
2, 23
Suppose 0 = -73*l + 27*l + 329179 + 283127. What are the prime factors of l?
3, 17, 29
Let v(r) = 40*r - 22. Let m be v(9). Suppose -b = 4*l - m, -3*b - b - 4*l + 1364 = 0. What are the prime factors of b?
2, 3, 19
Suppose 3*d - 6660 = -15*d. Suppose -3*v + d = -287. What are the prime factors of v?
3, 73
Suppose 0 = 252*y - 3387459 - 920985. List the prime factors of y.
3, 41, 139
Suppose -27 = -u + 2*j, 5*j + 50 = 3*u - 33. Let f be ((-64)/(-8))/16*(-552)/(-2). Suppose -29*b = -u*b + f. What are the prime factors of b?
3, 23
Suppose 7*v + 10 = 12*v. Suppose 0 = -0*l - 3*l + v*s - 610, -614 = 3*l - 4*s. Let b = l - -285. List the prime factors of b.
83
Let a(k) = 129*k**2 - 30*k - 160. List the prime factors of a(-7).
23, 277
Suppose 5*d - 3*r = 6537, -5*d - r + 6527 = 6. Suppose d = 4*x - 3*w - 470, -2*w + 6 = 0. List the prime factors of x.
2, 223
Let l(q) = 42*q**2 + 260*q + 57. What are the prime factors of l(-22)?
5, 7, 419
Suppose 5*m + 2*r - 6*r - 2442 = 0, 5*m + 5*r - 2415 = 0. Let i = -204 + m. Suppose i = 5*a - 23. What are the prime factors of a?
61
Let f(x) = -12*x**3 - 87*x**2 + 2*x - 27. What are the prime factors of f(-11)?
2, 19, 71
Let v = 59 + -55. Suppose 0 = v*h - 240 - 0. What are the prime factors of h?
2, 3, 5
Let h(w) = -4*w - 1 - w + 6*w - 5. Let a be h(9). Suppose 15 = -3*u, a*z + u - 53 - 317 = 0. List the prime factors of z.
5
Suppose 36*n + 161056 - 1342052 = 7*n. List the prime factors of n.
2, 10181
Suppose -43 + 15 = -7*l. Suppose l*i + 10 = 26. Suppose -q - i*t = -15, -3*t + 5*t - 54 = -2*q. List the prime factors of q.
31
Let b = -5134 + 8583. Suppose 295 + b = 9*q. List the prime factors of q.
2, 13
Suppose 0 = 20*u - 487240 + 70820. List the prime factors of u.
47, 443
Suppose 10*v = 14*v - 8. Suppose 0 = v*g - 268 + 212. What are the prime factors of g?
2, 7
Let z be 47684/(-234) + (-4)/18. List the prime factors of 7